{"id":15132,"date":"2019-03-17T17:55:57","date_gmt":"2019-03-17T16:55:57","guid":{"rendered":"https:\/\/schule.grips-medien.de\/?page_id=15132"},"modified":"2024-01-01T22:44:35","modified_gmt":"2024-01-01T21:44:35","slug":"unterricht","status":"publish","type":"page","link":"https:\/\/www.talschule.schulnetz.hamm.de\/wordpress\/schulprofil\/unterricht\/","title":{"rendered":"Unterricht"},"content":{"rendered":"\n<div class=\"wp-block-columns has-background is-layout-flex wp-container-core-columns-is-layout-1 wp-block-columns-is-layout-flex\" style=\"background-color:#ededed\">\n<div class=\"wp-block-column is-layout-flow wp-block-column-is-layout-flow\" style=\"flex-basis:33.33%\">\n<h2 class=\"wp-block-heading\">ganzheitlich.<br>miteinander.<br>kreativ.<br>digital.<\/h2>\n<\/div>\n\n\n\n<div class=\"wp-block-column is-layout-flow wp-block-column-is-layout-flow\" style=\"flex-basis:66.66%\">\n<p><\/p>\n\n\n\n<p>Das Unterrichten ist eine der Hauptaufgaben unserer t\u00e4glichen p\u00e4dagogischen Arbeit an unserer Schule. Es geht dabei nicht nur darum, den Kindern Wissen zu vermitteln, sondern auch grundlegende F\u00e4higkeiten und Kompetenzen zu erwerben, die wichtig f\u00fcr das sp\u00e4tere Lernen und das Berufsleben sind. Alle an Schule Beteiligten stehen den Kindern gemeinsam als Lernbegleiterinnen und Lernbegleiter in ihren individuellen Lern- und Entwicklungsprozessen unterst\u00fctzend zur Seite.<\/p>\n<\/div>\n<\/div>\n\n\n\n<div style=\"height:30px\" aria-hidden=\"true\" class=\"wp-block-spacer\"><\/div>\n\n\n\n<div class=\"wp-block-columns is-layout-flex wp-container-core-columns-is-layout-2 wp-block-columns-is-layout-flex\">\n<div class=\"wp-block-column is-layout-flow wp-block-column-is-layout-flow\" style=\"flex-basis:66.66%\">\n<p><strong>Unser Unterricht folgt dabei verschiedenen Leitzielen:<\/strong><\/p>\n\n\n\n<ul class=\"wp-block-list\">\n<li>Eine Methodenvielfalt und wechselnde Sozialformen sind f\u00fcr uns wichtig, um f\u00fcr jedes Kind eine ansprechende und f\u00fcr das Lernen anregende Lernumgebung zu gestalten.<\/li>\n\n\n\n<li>Durch differenzierte Materialien und offene Lernformen wollen wir ein selbstgesteuertes Lernen erm\u00f6glichen, sodass Lerninhalte bestm\u00f6glich aufgenommen, verarbeitet und gespeichert werden k\u00f6nnen.<\/li>\n\n\n\n<li>Durch den fr\u00fchen Einsatz digitaler Medien f\u00f6rdern wir in den verschiedenen F\u00e4chern die Medienkompetenz der Kinder.&nbsp;<\/li>\n\n\n\n<li>Durch das Prinzip \u201eDas Lernen lernen\u201c werden die Kinder kontinuierlich dazu angehalten, sich selbst zu organisieren, Arbeitsschritte zu planen, \u00fcber eigene Lernwege nachzudenken und Mitsch\u00fclerinnen und Mitsch\u00fclern diese zu erkl\u00e4ren und verschiedene Vorgehensweisen zu nutzen.<\/li>\n\n\n\n<li>Durch die F\u00f6rderung von sozialen Kompetenzen und den Einsatz kooperativer Lernformen werden die Kinder daf\u00fcr sensibilisiert, von- und miteinander zu lernen, mit sich selbst und anderen auf konstruktive Weise umzugehen und zusammen zu arbeiten.<\/li>\n<\/ul>\n<\/div>\n\n\n\n<div class=\"wp-block-column is-layout-flow wp-block-column-is-layout-flow\" style=\"flex-basis:33.33%\">\n<figure class=\"wp-block-image size-full is-resized\"><img loading=\"lazy\" decoding=\"async\" width=\"749\" height=\"849\" src=\"https:\/\/www.talschule.schulnetz.hamm.de\/wordpress\/wp-content\/uploads\/2023\/12\/grafik-4.png\" alt=\"\" class=\"wp-image-17465\" style=\"width:253px\" srcset=\"https:\/\/www.talschule.schulnetz.hamm.de\/wordpress\/wp-content\/uploads\/2023\/12\/grafik-4.png 749w, https:\/\/www.talschule.schulnetz.hamm.de\/wordpress\/wp-content\/uploads\/2023\/12\/grafik-4-265x300.png 265w\" sizes=\"auto, (max-width: 749px) 100vw, 749px\" \/><\/figure>\n<\/div>\n<\/div>\n\n\n\n<div style=\"height:30px\" aria-hidden=\"true\" class=\"wp-block-spacer\"><\/div>\n\n\n\n<div class=\"wp-block-columns is-layout-flex wp-container-core-columns-is-layout-3 wp-block-columns-is-layout-flex\">\n<div class=\"wp-block-column is-layout-flow wp-block-column-is-layout-flow\">\n<h2 class=\"wp-block-heading has-medium-font-size\">Deutsch als Zweitsprache<\/h2>\n\n\n\n<p class=\"has-background\" style=\"background-color:#c1d9e347\">Damit Kinder am Regelunterricht erfolgreich teilnehmen k\u00f6nnen, sind hinreichende Kenntnisse der deutschen Sprache grundlegende Voraussetzung. Daher erhalten alle Kinder, die Deutsch nicht als Muttersprache haben und bei denen ein entsprechender Bedarf festgestellt wird, an unserer Schule parallel zum regul\u00e4ren Unterricht F\u00f6rderung in Kleingruppen f\u00fcr Deutsch als Zweitsprache (kurz: DaZ). Ziel dieser DaZ-F\u00f6rderung ist die Erweiterung der Sprachkompetenzen, sodass sich die Kinder m\u00f6glichst bald und m\u00f6glichst umfassend am Unterricht beteiligen k\u00f6nnen.<\/p>\n<\/div>\n<\/div>\n\n\n\n<div class=\"wp-block-columns is-layout-flex wp-container-core-columns-is-layout-4 wp-block-columns-is-layout-flex\">\n<div class=\"wp-block-column is-layout-flow wp-block-column-is-layout-flow\">\n<h2 class=\"wp-block-heading has-medium-font-size\">Herkunftssprachlicher Unterricht T\u00fcrkisch<\/h2>\n\n\n\n<p class=\"has-background\" style=\"background-color:#c1d9e347\">F\u00fcr Sch\u00fclerinnen und Sch\u00fcler, deren Muttersprache T\u00fcrkisch ist, bieten wir T\u00fcrkisch als Unterrichtsfach an. In jeder Klasse findet der Unterricht einmal w\u00f6chentlich statt. Ziel des herkunftssprachlichen Unterrichts ist es, sich in der Muttersprache sowohl m\u00fcndlich als auch schriftlich verst\u00e4ndigen zu k\u00f6nnen.<\/p>\n<\/div>\n<\/div>\n\n\n\n<div class=\"wp-block-columns is-layout-flex wp-container-core-columns-is-layout-5 wp-block-columns-is-layout-flex\">\n<div class=\"wp-block-column is-layout-flow wp-block-column-is-layout-flow\">\n<h2 class=\"wp-block-heading has-medium-font-size\">Gemeinsames Lernen<\/h2>\n\n\n\n<p class=\"has-background\" style=\"background-color:#c1d9e347\">Die Entwicklung von Kindern und deren Lernprozesse gestalten sich individuell verschieden. Bei uns lernen Kinder mit und ohne Bedarf an sonderp\u00e4dagogischer Unterst\u00fctzung gemeinsam. Unsere Sonderp\u00e4dagoginnen arbeiten eng mit den Klassenleitungen zusammen, analysieren systematisch die Lernausgangslage der Kinder und entwickeln darauf aufbauend gezielte F\u00f6rderma\u00dfnahmen. Der unterschiedliche Blick der Personen in multiprofessionellen Teams unterst\u00fctzt die schulische Entwicklung der Sch\u00fclerinnen und Sch\u00fcler und sorgt daf\u00fcr, f\u00fcr jedes Kind passende Lernangebote im Rahmen der individuellen F\u00f6rderung bereitstellen zu k\u00f6nnen.<\/p>\n<\/div>\n<\/div>\n\n\n\n<div class=\"wp-block-columns is-layout-flex wp-container-core-columns-is-layout-6 wp-block-columns-is-layout-flex\">\n<div class=\"wp-block-column is-layout-flow wp-block-column-is-layout-flow\">\n<h2 class=\"wp-block-heading has-medium-font-size\">F\u00f6rderstunden<\/h2>\n\n\n\n<p class=\"has-background\" style=\"background-color:#c1d9e347\">Im Sinne der individuellen F\u00f6rderung sind in jeder Klasse w\u00f6chentlich zus\u00e4tzliche F\u00f6rderstunden fest verankert. In dieser Zeit sollen schw\u00e4chere Sch\u00fclerinnen und Sch\u00fcler entsprechend ihrer Schwierigkeiten gef\u00f6rdert werden und leistungsstarke Kinder die M\u00f6glichkeit erhalten, ihr Wissen zu vertiefen. Dabei kann es sich beispielsweise um Lese-, Rechen- oder Knobelstunden handeln.<\/p>\n<\/div>\n<\/div>\n","protected":false},"excerpt":{"rendered":"<p>ganzheitlich.miteinander.kreativ.digital. Das Unterrichten ist eine der Hauptaufgaben unserer t\u00e4glichen p\u00e4dagogischen Arbeit an unserer Schule. Es geht dabei nicht nur darum, den Kindern Wissen zu vermitteln, sondern auch grundlegende F\u00e4higkeiten und &#8230;<\/p>\n","protected":false},"author":8,"featured_media":0,"parent":15131,"menu_order":0,"comment_status":"closed","ping_status":"closed","template":"template-fullwidth.php","meta":{"footnotes":""},"class_list":["post-15132","page","type-page","status-publish","hentry"],"_links":{"self":[{"href":"https:\/\/www.talschule.schulnetz.hamm.de\/wordpress\/wp-json\/wp\/v2\/pages\/15132","targetHints":{"allow":["GET"]}}],"collection":[{"href":"https:\/\/www.talschule.schulnetz.hamm.de\/wordpress\/wp-json\/wp\/v2\/pages"}],"about":[{"href":"https:\/\/www.talschule.schulnetz.hamm.de\/wordpress\/wp-json\/wp\/v2\/types\/page"}],"author":[{"embeddable":true,"href":"https:\/\/www.talschule.schulnetz.hamm.de\/wordpress\/wp-json\/wp\/v2\/users\/8"}],"replies":[{"embeddable":true,"href":"https:\/\/www.talschule.schulnetz.hamm.de\/wordpress\/wp-json\/wp\/v2\/comments?post=15132"}],"version-history":[{"count":75,"href":"https:\/\/www.talschule.schulnetz.hamm.de\/wordpress\/wp-json\/wp\/v2\/pages\/15132\/revisions"}],"predecessor-version":[{"id":17814,"href":"https:\/\/www.talschule.schulnetz.hamm.de\/wordpress\/wp-json\/wp\/v2\/pages\/15132\/revisions\/17814"}],"up":[{"embeddable":true,"href":"https:\/\/www.talschule.schulnetz.hamm.de\/wordpress\/wp-json\/wp\/v2\/pages\/15131"}],"wp:attachment":[{"href":"https:\/\/www.talschule.schulnetz.hamm.de\/wordpress\/wp-json\/wp\/v2\/media?parent=15132"}],"curies":[{"name":"wp","href":"https:\/\/api.w.org\/{rel}","templated":true}]}}

<div class="wp-block-columns has-background is-layout-flex wp-container-core-columns-is-layout-1 wp-block-columns-is-layout-flex" style="background-color:#ededed">
<div class="wp-block-column is-layout-flow wp-block-column-is-layout-flow" style="flex-basis:33.33%">
<h2 class="wp-block-heading">ganzheitlich.<br>miteinander.<br>kreativ.<br>digital.</h2>
</div>



<div class="wp-block-column is-layout-flow wp-block-column-is-layout-flow" style="flex-basis:66.66%">
<p></p>



<p>Das Unterrichten ist eine der Hauptaufgaben unserer täglichen pädagogischen Arbeit an unserer Schule. Es geht dabei nicht nur darum, den Kindern Wissen zu vermitteln, sondern auch grundlegende Fähigkeiten und Kompetenzen zu erwerben, die wichtig für das spätere Lernen und das Berufsleben sind. Alle an Schule Beteiligten stehen den Kindern gemeinsam als Lernbegleiterinnen und Lernbegleiter in ihren individuellen Lern- und Entwicklungsprozessen unterstützend zur Seite.</p>
</div>
</div>



<div style="height:30px" aria-hidden="true" class="wp-block-spacer"></div>



<div class="wp-block-columns is-layout-flex wp-container-core-columns-is-layout-2 wp-block-columns-is-layout-flex">
<div class="wp-block-column is-layout-flow wp-block-column-is-layout-flow" style="flex-basis:66.66%">
<p><strong>Unser Unterricht folgt dabei verschiedenen Leitzielen:</strong></p>



<ul class="wp-block-list">
<li>Eine Methodenvielfalt und wechselnde Sozialformen sind für uns wichtig, um für jedes Kind eine ansprechende und für das Lernen anregende Lernumgebung zu gestalten.</li>



<li>Durch differenzierte Materialien und offene Lernformen wollen wir ein selbstgesteuertes Lernen ermöglichen, sodass Lerninhalte bestmöglich aufgenommen, verarbeitet und gespeichert werden können.</li>



<li>Durch den frühen Einsatz digitaler Medien fördern wir in den verschiedenen Fächern die Medienkompetenz der Kinder.&nbsp;</li>



<li>Durch das Prinzip „Das Lernen lernen“ werden die Kinder kontinuierlich dazu angehalten, sich selbst zu organisieren, Arbeitsschritte zu planen, über eigene Lernwege nachzudenken und Mitschülerinnen und Mitschülern diese zu erklären und verschiedene Vorgehensweisen zu nutzen.</li>



<li>Durch die Förderung von sozialen Kompetenzen und den Einsatz kooperativer Lernformen werden die Kinder dafür sensibilisiert, von- und miteinander zu lernen, mit sich selbst und anderen auf konstruktive Weise umzugehen und zusammen zu arbeiten.</li>
</ul>
</div>



<div class="wp-block-column is-layout-flow wp-block-column-is-layout-flow" style="flex-basis:33.33%">
<figure class="wp-block-image size-full is-resized"><img loading="lazy" decoding="async" width="749" height="849" src="https://www.talschule.schulnetz.hamm.de/wordpress/wp-content/uploads/2023/12/grafik-4.png" alt="" class="wp-image-17465" style="width:253px" srcset="https://www.talschule.schulnetz.hamm.de/wordpress/wp-content/uploads/2023/12/grafik-4.png 749w, https://www.talschule.schulnetz.hamm.de/wordpress/wp-content/uploads/2023/12/grafik-4-265x300.png 265w" sizes="auto, (max-width: 749px) 100vw, 749px" /></figure>
</div>
</div>



<div style="height:30px" aria-hidden="true" class="wp-block-spacer"></div>



<div class="wp-block-columns is-layout-flex wp-container-core-columns-is-layout-3 wp-block-columns-is-layout-flex">
<div class="wp-block-column is-layout-flow wp-block-column-is-layout-flow">
<h2 class="wp-block-heading has-medium-font-size">Deutsch als Zweitsprache</h2>



<p class="has-background" style="background-color:#c1d9e347">Damit Kinder am Regelunterricht erfolgreich teilnehmen können, sind hinreichende Kenntnisse der deutschen Sprache grundlegende Voraussetzung. Daher erhalten alle Kinder, die Deutsch nicht als Muttersprache haben und bei denen ein entsprechender Bedarf festgestellt wird, an unserer Schule parallel zum regulären Unterricht Förderung in Kleingruppen für Deutsch als Zweitsprache (kurz: DaZ). Ziel dieser DaZ-Förderung ist die Erweiterung der Sprachkompetenzen, sodass sich die Kinder möglichst bald und möglichst umfassend am Unterricht beteiligen können.</p>
</div>
</div>



<div class="wp-block-columns is-layout-flex wp-container-core-columns-is-layout-4 wp-block-columns-is-layout-flex">
<div class="wp-block-column is-layout-flow wp-block-column-is-layout-flow">
<h2 class="wp-block-heading has-medium-font-size">Herkunftssprachlicher Unterricht Türkisch</h2>



<p class="has-background" style="background-color:#c1d9e347">Für Schülerinnen und Schüler, deren Muttersprache Türkisch ist, bieten wir Türkisch als Unterrichtsfach an. In jeder Klasse findet der Unterricht einmal wöchentlich statt. Ziel des herkunftssprachlichen Unterrichts ist es, sich in der Muttersprache sowohl mündlich als auch schriftlich verständigen zu können.</p>
</div>
</div>



<div class="wp-block-columns is-layout-flex wp-container-core-columns-is-layout-5 wp-block-columns-is-layout-flex">
<div class="wp-block-column is-layout-flow wp-block-column-is-layout-flow">
<h2 class="wp-block-heading has-medium-font-size">Gemeinsames Lernen</h2>



<p class="has-background" style="background-color:#c1d9e347">Die Entwicklung von Kindern und deren Lernprozesse gestalten sich individuell verschieden. Bei uns lernen Kinder mit und ohne Bedarf an sonderpädagogischer Unterstützung gemeinsam. Unsere Sonderpädagoginnen arbeiten eng mit den Klassenleitungen zusammen, analysieren systematisch die Lernausgangslage der Kinder und entwickeln darauf aufbauend gezielte Fördermaßnahmen. Der unterschiedliche Blick der Personen in multiprofessionellen Teams unterstützt die schulische Entwicklung der Schülerinnen und Schüler und sorgt dafür, für jedes Kind passende Lernangebote im Rahmen der individuellen Förderung bereitstellen zu können.</p>
</div>
</div>



<div class="wp-block-columns is-layout-flex wp-container-core-columns-is-layout-6 wp-block-columns-is-layout-flex">
<div class="wp-block-column is-layout-flow wp-block-column-is-layout-flow">
<h2 class="wp-block-heading has-medium-font-size">Förderstunden</h2>



<p class="has-background" style="background-color:#c1d9e347">Im Sinne der individuellen Förderung sind in jeder Klasse wöchentlich zusätzliche Förderstunden fest verankert. In dieser Zeit sollen schwächere Schülerinnen und Schüler entsprechend ihrer Schwierigkeiten gefördert werden und leistungsstarke Kinder die Möglichkeit erhalten, ihr Wissen zu vertiefen. Dabei kann es sich beispielsweise um Lese-, Rechen- oder Knobelstunden handeln.</p>
</div>
</div>

<p>ganzheitlich.miteinander.kreativ.digital. Das Unterrichten ist eine der Hauptaufgaben unserer täglichen pädagogischen Arbeit an unserer Schule. Es geht dabei nicht nur darum, den Kindern Wissen zu vermitteln, sondern auch grundlegende Fähigkeiten und &#8230;</p>
