{"id":16479,"date":"2023-10-13T19:47:57","date_gmt":"2023-10-13T17:47:57","guid":{"rendered":"https:\/\/www.talschule.schulnetz.hamm.de\/wordpress\/?page_id=16479"},"modified":"2023-12-30T23:30:26","modified_gmt":"2023-12-30T22:30:26","slug":"streitschlichter","status":"publish","type":"page","link":"https:\/\/www.talschule.schulnetz.hamm.de\/wordpress\/schulleben\/streitschlichter\/","title":{"rendered":"Streitschlichter"},"content":{"rendered":"\n<div class=\"wp-block-group alignfull has-background is-nowrap is-layout-flex wp-container-core-group-is-layout-1 wp-block-group-is-layout-flex\" style=\"background-color:#bfd5db4d\">\n<div class=\"wp-block-columns alignwide are-vertically-aligned-center is-layout-flex wp-container-core-columns-is-layout-1 wp-block-columns-is-layout-flex\">\n<div class=\"wp-block-column is-vertically-aligned-center is-layout-flow wp-block-column-is-layout-flow\" style=\"flex-basis:25%\">\n<p class=\"has-text-align-left has-text-color\" style=\"color:#000000;font-size:30px;line-height:1.1\">F\u00fcr ein gutes <strong>Miteinander<\/strong>.<\/p>\n<\/div>\n\n\n\n<div class=\"wp-block-column is-layout-flow wp-block-column-is-layout-flow\">\n<p class=\"has-text-color\" style=\"color:#000000;font-size:18px\">Wenn es in der Pause auf dem Schulhof Probleme oder Streitigkeiten gibt, sind sie da \u2013 unsere <strong>Streitschlichterinnen und Streitschlichter<\/strong><\/p>\n<\/div>\n<\/div>\n<\/div>\n\n\n\n<div style=\"height:30px\" aria-hidden=\"true\" class=\"wp-block-spacer\"><\/div>\n\n\n\n<div class=\"wp-block-columns alignwide is-layout-flex wp-container-core-columns-is-layout-2 wp-block-columns-is-layout-flex\" style=\"margin-bottom:0\">\n<div class=\"wp-block-column has-text-color has-background has-link-color wp-elements-66843ab7e8d37e6ce7c10382b128b2c4 is-layout-flow wp-block-column-is-layout-flow\" style=\"color:#000000;background-color:#c2d9e3;padding-top:2em;padding-right:2em;padding-bottom:2em;padding-left:2em\">\n<h2 class=\"wp-block-heading\" id=\"single\" style=\"font-size:25px\">Aufgaben<\/h2>\n\n\n\n<hr class=\"wp-block-separator has-css-opacity is-style-wide\"\/>\n\n\n\n<p>Einige Sch\u00fclerinnen und Sch\u00fcler des vierten Jahrgangs sind Streitschlichterinnen und Streitschlichter bei uns an der Talschule. In der ersten gro\u00dfen Pause sind sie t\u00e4glich auf dem Schulhof unterwegs und unterst\u00fctzen als Ansprechpartnerinnen und Ansprechpartnern bei der Kl\u00e4rung von Streit und Konfliktsituationen.<\/p>\n<\/div>\n\n\n\n<div class=\"wp-block-column has-text-color has-background has-link-color wp-elements-e7545d8dca999ba30195af9de2c86803 is-layout-flow wp-block-column-is-layout-flow\" style=\"color:#000000;background-color:#96acac;padding-top:2em;padding-right:2em;padding-bottom:2em;padding-left:2em\">\n<h2 class=\"wp-block-heading\" id=\"patron\" style=\"font-size:25px\">Ausbildung<\/h2>\n\n\n\n<hr class=\"wp-block-separator has-css-opacity is-style-wide\"\/>\n\n\n\n<p>Zu Beginn des vierten Schuljahres werden Kinder aus allen vierten Klassen eng von unserer Schulsozialarbeiterin und einigen Inklusionsfachkr\u00e4ften \u00fcber mehrere Wochen hinweg zu Streitlichterinnen und Streitschlichtern ausgebildet. <\/p>\n\n\n\n<p>Durch theoretische Bestandteile, praktische \u00dcbungen und Rollenspiele werden die Kinder auf die Arbeit als Mediatorinnen und Mediatoren und auf reale Konfliktsituationen vorbereitet. Dabei lernen sie beispielsweise verschiedene Gespr\u00e4chstechniken kennen, wie man auf Mitsch\u00fclerinnen und Mitsch\u00fcler zugeht und welche Konfliktl\u00f6sungsm\u00f6glichkeiten und Streitschlichtungsverfahren es gibt.<\/p>\n\n\n\n<p>Am Ende des vierten Schuljahres erhalten unsere Streitlichterinnen und Streitschlichter eine Urkunde sowie einen Vermerk im Zeugnis als Ausbildungsnachweis.&nbsp;<\/p>\n<\/div>\n<\/div>\n","protected":false},"excerpt":{"rendered":"<p>F\u00fcr ein gutes Miteinander. Wenn es in der Pause auf dem Schulhof Probleme oder Streitigkeiten gibt, sind sie da \u2013 unsere Streitschlichterinnen und Streitschlichter Aufgaben Einige Sch\u00fclerinnen und Sch\u00fcler des &#8230;<\/p>\n","protected":false},"author":8,"featured_media":0,"parent":16458,"menu_order":0,"comment_status":"closed","ping_status":"closed","template":"template-fullwidth.php","meta":{"footnotes":""},"class_list":["post-16479","page","type-page","status-publish","hentry"],"_links":{"self":[{"href":"https:\/\/www.talschule.schulnetz.hamm.de\/wordpress\/wp-json\/wp\/v2\/pages\/16479","targetHints":{"allow":["GET"]}}],"collection":[{"href":"https:\/\/www.talschule.schulnetz.hamm.de\/wordpress\/wp-json\/wp\/v2\/pages"}],"about":[{"href":"https:\/\/www.talschule.schulnetz.hamm.de\/wordpress\/wp-json\/wp\/v2\/types\/page"}],"author":[{"embeddable":true,"href":"https:\/\/www.talschule.schulnetz.hamm.de\/wordpress\/wp-json\/wp\/v2\/users\/8"}],"replies":[{"embeddable":true,"href":"https:\/\/www.talschule.schulnetz.hamm.de\/wordpress\/wp-json\/wp\/v2\/comments?post=16479"}],"version-history":[{"count":47,"href":"https:\/\/www.talschule.schulnetz.hamm.de\/wordpress\/wp-json\/wp\/v2\/pages\/16479\/revisions"}],"predecessor-version":[{"id":17478,"href":"https:\/\/www.talschule.schulnetz.hamm.de\/wordpress\/wp-json\/wp\/v2\/pages\/16479\/revisions\/17478"}],"up":[{"embeddable":true,"href":"https:\/\/www.talschule.schulnetz.hamm.de\/wordpress\/wp-json\/wp\/v2\/pages\/16458"}],"wp:attachment":[{"href":"https:\/\/www.talschule.schulnetz.hamm.de\/wordpress\/wp-json\/wp\/v2\/media?parent=16479"}],"curies":[{"name":"wp","href":"https:\/\/api.w.org\/{rel}","templated":true}]}}

<div class="wp-block-group alignfull has-background is-nowrap is-layout-flex wp-container-core-group-is-layout-1 wp-block-group-is-layout-flex" style="background-color:#bfd5db4d">
<div class="wp-block-columns alignwide are-vertically-aligned-center is-layout-flex wp-container-core-columns-is-layout-1 wp-block-columns-is-layout-flex">
<div class="wp-block-column is-vertically-aligned-center is-layout-flow wp-block-column-is-layout-flow" style="flex-basis:25%">
<p class="has-text-align-left has-text-color" style="color:#000000;font-size:30px;line-height:1.1">Für ein gutes <strong>Miteinander</strong>.</p>
</div>



<div class="wp-block-column is-layout-flow wp-block-column-is-layout-flow">
<p class="has-text-color" style="color:#000000;font-size:18px">Wenn es in der Pause auf dem Schulhof Probleme oder Streitigkeiten gibt, sind sie da – unsere <strong>Streitschlichterinnen und Streitschlichter</strong></p>
</div>
</div>
</div>



<div style="height:30px" aria-hidden="true" class="wp-block-spacer"></div>



<div class="wp-block-columns alignwide is-layout-flex wp-container-core-columns-is-layout-2 wp-block-columns-is-layout-flex" style="margin-bottom:0">
<div class="wp-block-column has-text-color has-background has-link-color wp-elements-66843ab7e8d37e6ce7c10382b128b2c4 is-layout-flow wp-block-column-is-layout-flow" style="color:#000000;background-color:#c2d9e3;padding-top:2em;padding-right:2em;padding-bottom:2em;padding-left:2em">
<h2 class="wp-block-heading" id="single" style="font-size:25px">Aufgaben</h2>



<hr class="wp-block-separator has-css-opacity is-style-wide"/>



<p>Einige Schülerinnen und Schüler des vierten Jahrgangs sind Streitschlichterinnen und Streitschlichter bei uns an der Talschule. In der ersten großen Pause sind sie täglich auf dem Schulhof unterwegs und unterstützen als Ansprechpartnerinnen und Ansprechpartnern bei der Klärung von Streit und Konfliktsituationen.</p>
</div>



<div class="wp-block-column has-text-color has-background has-link-color wp-elements-e7545d8dca999ba30195af9de2c86803 is-layout-flow wp-block-column-is-layout-flow" style="color:#000000;background-color:#96acac;padding-top:2em;padding-right:2em;padding-bottom:2em;padding-left:2em">
<h2 class="wp-block-heading" id="patron" style="font-size:25px">Ausbildung</h2>



<hr class="wp-block-separator has-css-opacity is-style-wide"/>



<p>Zu Beginn des vierten Schuljahres werden Kinder aus allen vierten Klassen eng von unserer Schulsozialarbeiterin und einigen Inklusionsfachkräften über mehrere Wochen hinweg zu Streitlichterinnen und Streitschlichtern ausgebildet. </p>



<p>Durch theoretische Bestandteile, praktische Übungen und Rollenspiele werden die Kinder auf die Arbeit als Mediatorinnen und Mediatoren und auf reale Konfliktsituationen vorbereitet. Dabei lernen sie beispielsweise verschiedene Gesprächstechniken kennen, wie man auf Mitschülerinnen und Mitschüler zugeht und welche Konfliktlösungsmöglichkeiten und Streitschlichtungsverfahren es gibt.</p>



<p>Am Ende des vierten Schuljahres erhalten unsere Streitlichterinnen und Streitschlichter eine Urkunde sowie einen Vermerk im Zeugnis als Ausbildungsnachweis.&nbsp;</p>
</div>
</div>

<p>Für ein gutes Miteinander. Wenn es in der Pause auf dem Schulhof Probleme oder Streitigkeiten gibt, sind sie da – unsere Streitschlichterinnen und Streitschlichter Aufgaben Einige Schülerinnen und Schüler des &#8230;</p>
