{"id":17508,"date":"2024-01-01T16:18:51","date_gmt":"2024-01-01T15:18:51","guid":{"rendered":"https:\/\/www.talschule.schulnetz.hamm.de\/wordpress\/?page_id=17508"},"modified":"2024-01-01T21:35:29","modified_gmt":"2024-01-01T20:35:29","slug":"elterncafe","status":"publish","type":"page","link":"https:\/\/www.talschule.schulnetz.hamm.de\/wordpress\/schulprofil\/elterncafe\/","title":{"rendered":"Elterncaf\u00e9"},"content":{"rendered":"\n<div class=\"wp-block-columns is-layout-flex wp-container-core-columns-is-layout-1 wp-block-columns-is-layout-flex\">\n<div class=\"wp-block-column is-layout-flow wp-block-column-is-layout-flow\">\n<h2 class=\"wp-block-heading has-background has-medium-font-size\" style=\"background-color:#ebebeb\">Miteinander ins Gespr\u00e4ch kommen.<\/h2>\n<\/div>\n<\/div>\n\n\n\n<p>Liebe Eltern,<\/p>\n\n\n\n<p><strong>jeden Mittwoch <\/strong>findet in der Zeit von <strong>8.00 Uhr \u2013 9.30 Uhr im Eingangsfoyer<\/strong> unser Elterncaf\u00e9 statt, zu dem Sie ganz herzlich eingeladen sind. Bei Kaffee und Pl\u00e4tzchen haben Sie die M\u00f6glichkeit, andere Eltern der Schule kennenzulernen, sich \u00fcber schulische oder auch private Inhalte und Themen auszutauschen und Fragen zu stellen.<\/p>\n\n\n\n<p>In entspannter und freundlicher Atmosph\u00e4re k\u00f6nnen Sie mit unseren Schulsozialarbeiterinnen Heike Huneke und Andrea P\u00f6rnig ins Gespr\u00e4ch kommen. Sie h\u00f6ren zu, beraten und geben Hilfestellungen.<\/p>\n\n\n\n<p>Wir freuen uns auf Ihren Besuch!<\/p>\n\n\n\n<p><\/p>\n","protected":false},"excerpt":{"rendered":"<p>Miteinander ins Gespr\u00e4ch kommen. Liebe Eltern, jeden Mittwoch findet in der Zeit von 8.00 Uhr \u2013 9.30 Uhr im Eingangsfoyer unser Elterncaf\u00e9 statt, zu dem Sie ganz herzlich eingeladen sind. &#8230;<\/p>\n","protected":false},"author":8,"featured_media":0,"parent":15131,"menu_order":6,"comment_status":"closed","ping_status":"closed","template":"template-fullwidth.php","meta":{"footnotes":""},"class_list":["post-17508","page","type-page","status-publish","hentry"],"_links":{"self":[{"href":"https:\/\/www.talschule.schulnetz.hamm.de\/wordpress\/wp-json\/wp\/v2\/pages\/17508","targetHints":{"allow":["GET"]}}],"collection":[{"href":"https:\/\/www.talschule.schulnetz.hamm.de\/wordpress\/wp-json\/wp\/v2\/pages"}],"about":[{"href":"https:\/\/www.talschule.schulnetz.hamm.de\/wordpress\/wp-json\/wp\/v2\/types\/page"}],"author":[{"embeddable":true,"href":"https:\/\/www.talschule.schulnetz.hamm.de\/wordpress\/wp-json\/wp\/v2\/users\/8"}],"replies":[{"embeddable":true,"href":"https:\/\/www.talschule.schulnetz.hamm.de\/wordpress\/wp-json\/wp\/v2\/comments?post=17508"}],"version-history":[{"count":9,"href":"https:\/\/www.talschule.schulnetz.hamm.de\/wordpress\/wp-json\/wp\/v2\/pages\/17508\/revisions"}],"predecessor-version":[{"id":17524,"href":"https:\/\/www.talschule.schulnetz.hamm.de\/wordpress\/wp-json\/wp\/v2\/pages\/17508\/revisions\/17524"}],"up":[{"embeddable":true,"href":"https:\/\/www.talschule.schulnetz.hamm.de\/wordpress\/wp-json\/wp\/v2\/pages\/15131"}],"wp:attachment":[{"href":"https:\/\/www.talschule.schulnetz.hamm.de\/wordpress\/wp-json\/wp\/v2\/media?parent=17508"}],"curies":[{"name":"wp","href":"https:\/\/api.w.org\/{rel}","templated":true}]}}